{"id":1606,"date":"2015-03-09T17:42:25","date_gmt":"2015-03-09T16:42:25","guid":{"rendered":"http:\/\/sc-trins.at\/?page_id=1606"},"modified":"2025-10-26T14:43:28","modified_gmt":"2025-10-26T13:43:28","slug":"training","status":"publish","type":"page","link":"https:\/\/sc-trins.at\/?page_id=1606","title":{"rendered":"Training"},"content":{"rendered":"<p>Hallo liebe Kinder!<br \/>\nHallo liebe Eltern!<\/p>\n<p>Das sportliche Angebot des SC-Trins wird seit Jahren von ca. 40 Kindern und Jugendlichen gerne angenommen.<br \/>\nSie werden von gepr\u00fcften Schilehrern und Trainern betreut.<br \/>\nGro\u00dfes Augenmerk wird neben dem Rennlauf auch auf sicheren Schilauf, sportliche Fairness und soziales Miteinander gelegt.<\/p>\n<p>Das <strong><u>Hallentraining<\/u><\/strong> startet <strong>am Freitag, den 07.11.2025 um <\/strong><strong>18\u00b0\u00b0 Uhr<\/strong> im Turnsaal der VS Trins.<br \/>\nTrainiert wird am <strong>7., 14., 21., 28.11 und am 12.12.<\/strong> immer von <strong>18:00 &#8211; 19:30 Uhr.<\/strong> Sobald es die Schneelage zul\u00e4sst (voraussichtlich ab <strong>13.12.2025<\/strong>) trainieren wir <strong>immer Samstagvormittag<\/strong>\u00a0 \u00a0 von <strong>10\u00b0\u00b0-12\u00b0\u00b0 Uhr)<\/strong> beim Schilift Trins. Die Teilnahme am Training ist ab dem <u>Vorschulalter<\/u> m\u00f6glich (selbstst\u00e4ndiges Tellerliftfahren mit Schist\u00f6cken wird vorausgesetzt!).<\/p>\n<p>Wir freuen uns auf viele sportbegeisterte Kinder.<\/p>\n<p><strong><u>Kosten pro Kind<\/u><\/strong><strong>:\u00a0\u00a0 Hallentraining\u00a0 \u00a0 \u00a0 \u00a0 \u00a0 \u00a0 \u00a0 \u00a0 \u00a0 \u00a0 \u00a0 \u00a0 \u00a0 \u00a0\u20ac\u00a0\u00a0\u00a0 35,00<br \/>\n<\/strong><strong>\u00a0 \u00a0 \u00a0 \u00a0 \u00a0 \u00a0 \u00a0 \u00a0 \u00a0 \u00a0 \u00a0 \u00a0 \u00a0 \u00a0 \u00a0 \u00a0 \u00a0 Schitraining ohne Liftkarte\u00a0 \u00a0 \u20ac\u00a0\u00a0\u00a0 80,00<\/strong><\/p>\n<p>In den Ferien oder falls es der Rennbetrieb erfordert, kann das Training kurzfristig verschoben werden.<\/p>\n<p>Bei den Vereinsrennen w\u00e4re toll wenn die Kinder mitmachen und das Erlernte zeigen.<\/p>\n<p>Am ersten Tag machen wir die Einteilung.<br \/>\nAlle Informationen werden in der &#8222;Training&#8220;\u00a0 WhatsApp Gruppe bekanntgegeben.<\/p>\n<p>Mit sportlichen Gr\u00fc\u00dfen<br \/>\nSki heil &#8211; SC Trins<\/p>\n","protected":false},"excerpt":{"rendered":"<p>Hallo liebe Kinder! Hallo liebe Eltern! Das sportliche Angebot des SC-Trins wird seit Jahren von ca. 40 Kindern und Jugendlichen gerne angenommen. Sie werden von gepr\u00fcften Schilehrern und Trainern betreut. Gro\u00dfes Augenmerk wird neben dem Rennlauf auch auf sicheren Schilauf, sportliche Fairness und soziales Miteinander gelegt. Das Hallentraining startet am &#8230;<\/p>\n","protected":false},"author":7,"featured_media":0,"parent":0,"menu_order":0,"comment_status":"closed","ping_status":"closed","template":"","meta":{"footnotes":""},"class_list":["post-1606","page","type-page","status-publish","hentry","column","threecol"],"_links":{"self":[{"href":"https:\/\/sc-trins.at\/index.php?rest_route=\/wp\/v2\/pages\/1606","targetHints":{"allow":["GET"]}}],"collection":[{"href":"https:\/\/sc-trins.at\/index.php?rest_route=\/wp\/v2\/pages"}],"about":[{"href":"https:\/\/sc-trins.at\/index.php?rest_route=\/wp\/v2\/types\/page"}],"author":[{"embeddable":true,"href":"https:\/\/sc-trins.at\/index.php?rest_route=\/wp\/v2\/users\/7"}],"replies":[{"embeddable":true,"href":"https:\/\/sc-trins.at\/index.php?rest_route=%2Fwp%2Fv2%2Fcomments&post=1606"}],"version-history":[{"count":49,"href":"https:\/\/sc-trins.at\/index.php?rest_route=\/wp\/v2\/pages\/1606\/revisions"}],"predecessor-version":[{"id":5409,"href":"https:\/\/sc-trins.at\/index.php?rest_route=\/wp\/v2\/pages\/1606\/revisions\/5409"}],"wp:attachment":[{"href":"https:\/\/sc-trins.at\/index.php?rest_route=%2Fwp%2Fv2%2Fmedia&parent=1606"}],"curies":[{"name":"wp","href":"https:\/\/api.w.org\/{rel}","templated":true}]}}